{"id":68,"date":"2017-09-17T19:16:32","date_gmt":"2017-09-17T17:16:32","guid":{"rendered":"http:\/\/sks-stuttgart.de\/?page_id=68"},"modified":"2019-05-24T17:18:26","modified_gmt":"2019-05-24T15:18:26","slug":"kontakt","status":"publish","type":"page","link":"https:\/\/sks-stuttgart.de\/?page_id=68","title":{"rendered":"Kontakt"},"content":{"rendered":"<p>Anfragen richten sie bitte an die unten aufgef\u00fchrten Kontakte.<\/p>\n<p><strong>Konzertb\u00fcro Jung<br \/>\n<\/strong>Joachim Jung<br \/>\nKreuzstra\u00dfe 18<br \/>\n70563 Stuttgart<br \/>\nemail: konzertbuero.jung@t-online.de<br \/>\nTelefon: +49 711 735 3052<br \/>\nMobil: +49 171 711 8414<\/p>\n<p>Klaus Kulling<br \/>\nemail: info@sks-stuttgart.de<br \/>\nMobil: +49 171 126 6847<\/p>\n","protected":false},"excerpt":{"rendered":"<p>Anfragen richten sie bitte an die unten aufgef\u00fchrten Kontakte. Konzertb\u00fcro Jung Joachim Jung Kreuzstra\u00dfe 18 70563 Stuttgart email: konzertbuero.jung@t-online.de Telefon: +49 711 735 3052 Mobil: +49 171 711 8414 Klaus Kulling email: info@sks-stuttgart.de Mobil: +49 171 126 6847<\/p>\n","protected":false},"author":1,"featured_media":0,"parent":0,"menu_order":0,"comment_status":"closed","ping_status":"closed","template":"","meta":{"jetpack_post_was_ever_published":false,"footnotes":""},"class_list":["post-68","page","type-page","status-publish","hentry"],"jetpack_sharing_enabled":false,"jetpack_shortlink":"https:\/\/wp.me\/P9akk5-16","jetpack_likes_enabled":true,"_links":{"self":[{"href":"https:\/\/sks-stuttgart.de\/index.php?rest_route=\/wp\/v2\/pages\/68","targetHints":{"allow":["GET"]}}],"collection":[{"href":"https:\/\/sks-stuttgart.de\/index.php?rest_route=\/wp\/v2\/pages"}],"about":[{"href":"https:\/\/sks-stuttgart.de\/index.php?rest_route=\/wp\/v2\/types\/page"}],"author":[{"embeddable":true,"href":"https:\/\/sks-stuttgart.de\/index.php?rest_route=\/wp\/v2\/users\/1"}],"replies":[{"embeddable":true,"href":"https:\/\/sks-stuttgart.de\/index.php?rest_route=%2Fwp%2Fv2%2Fcomments&post=68"}],"version-history":[{"count":8,"href":"https:\/\/sks-stuttgart.de\/index.php?rest_route=\/wp\/v2\/pages\/68\/revisions"}],"predecessor-version":[{"id":348,"href":"https:\/\/sks-stuttgart.de\/index.php?rest_route=\/wp\/v2\/pages\/68\/revisions\/348"}],"wp:attachment":[{"href":"https:\/\/sks-stuttgart.de\/index.php?rest_route=%2Fwp%2Fv2%2Fmedia&parent=68"}],"curies":[{"name":"wp","href":"https:\/\/api.w.org\/{rel}","templated":true}]}}