{"id":29,"date":"2017-09-12T21:31:01","date_gmt":"2017-09-12T19:31:01","guid":{"rendered":"http:\/\/sks-stuttgart.de\/?page_id=29"},"modified":"2026-03-19T17:54:57","modified_gmt":"2026-03-19T16:54:57","slug":"ueber-uns","status":"publish","type":"page","link":"https:\/\/sks-stuttgart.de\/?page_id=29","title":{"rendered":"\u00dcber uns"},"content":{"rendered":"<p>&nbsp;<\/p>\n<h3><strong>1986 &#8211; 2026: 40 Jahre S\u00fcddeutsche Kammersolisten Stuttgart<\/strong><\/h3>\n<p>Die <strong>S\u00fcddeutschen Kammersolisten Stuttgart<\/strong> setzen sich aus Orchestermusikern und freiberuflichen Musikern des Raumes Stuttgart, Heilbronn, Karlsruhe zusammen.<\/p>\n<figure id=\"attachment_729\" aria-describedby=\"caption-attachment-729\" style=\"width: 250px\" class=\"wp-caption alignright\"><a href=\"https:\/\/sks-stuttgart.de\/?attachment_id=729\" rel=\"attachment wp-att-729\"><img data-recalc-dims=\"1\" loading=\"lazy\" decoding=\"async\" data-attachment-id=\"729\" data-permalink=\"https:\/\/sks-stuttgart.de\/?attachment_id=729\" data-orig-file=\"https:\/\/i0.wp.com\/sks-stuttgart.de\/wp-content\/uploads\/2026\/03\/Nina_Karmon_01-e1773836186572.jpg?fit=858%2C866&amp;ssl=1\" data-orig-size=\"858,866\" data-comments-opened=\"0\" data-image-meta=\"{&quot;aperture&quot;:&quot;9&quot;,&quot;credit&quot;:&quot;&quot;,&quot;camera&quot;:&quot;NIKON D7100&quot;,&quot;caption&quot;:&quot;&quot;,&quot;created_timestamp&quot;:&quot;1644349695&quot;,&quot;copyright&quot;:&quot;&quot;,&quot;focal_length&quot;:&quot;105&quot;,&quot;iso&quot;:&quot;400&quot;,&quot;shutter_speed&quot;:&quot;0.00625&quot;,&quot;title&quot;:&quot;&quot;,&quot;orientation&quot;:&quot;1&quot;}\" data-image-title=\"Nina_Karmon_01\" data-image-description=\"\" data-image-caption=\"\" data-large-file=\"https:\/\/i0.wp.com\/sks-stuttgart.de\/wp-content\/uploads\/2026\/03\/Nina_Karmon_01-e1773836186572.jpg?fit=1000%2C678&amp;ssl=1\" class=\"wp-image-729\" src=\"https:\/\/i0.wp.com\/sks-stuttgart.de\/wp-content\/uploads\/2026\/03\/Nina_Karmon_01-e1773836186572-297x300.jpg?resize=250%2C252&#038;ssl=1\" alt=\"\" width=\"250\" height=\"252\" srcset=\"https:\/\/i0.wp.com\/sks-stuttgart.de\/wp-content\/uploads\/2026\/03\/Nina_Karmon_01-e1773836186572.jpg?resize=297%2C300&amp;ssl=1 297w, https:\/\/i0.wp.com\/sks-stuttgart.de\/wp-content\/uploads\/2026\/03\/Nina_Karmon_01-e1773836186572.jpg?resize=150%2C150&amp;ssl=1 150w, https:\/\/i0.wp.com\/sks-stuttgart.de\/wp-content\/uploads\/2026\/03\/Nina_Karmon_01-e1773836186572.jpg?resize=768%2C775&amp;ssl=1 768w, https:\/\/i0.wp.com\/sks-stuttgart.de\/wp-content\/uploads\/2026\/03\/Nina_Karmon_01-e1773836186572.jpg?w=858&amp;ssl=1 858w\" sizes=\"auto, (max-width: 250px) 100vw, 250px\" \/><\/a><figcaption id=\"caption-attachment-729\" class=\"wp-caption-text\"><strong>Nina Karmon<\/strong> (Credit Dietmar Scholz)<\/figcaption><\/figure>\n<p><strong>Konzertmeister<\/strong><br \/>\nBis 2023 war <strong>Albert Boesen<\/strong> (ehemaliger Konzertmeister des SWR-Symphonieorchester Stuttgart) Konzertmeister des Ensembles.<br \/>\nSeither bekleidet die renommierte Geigerin <a href=\"https:\/\/sks-stuttgart.de\/?page_id=91\"><strong>Nina Karmon<\/strong><\/a> (M\u00fcnchen) diese Funktion.<\/p>\n<p><strong>Leitbild<\/strong><br \/>\nEin Hauptanliegen der <strong>S\u00fcddeutschen Kammersolisten Stuttgart<\/strong> ist es, gemeinsam mit profilierten Ch\u00f6ren oratorische Literatur in ihrer gesamten Bandbreite aufzuf\u00fchren.<\/p>\n<p><strong>Partner<\/strong><br \/>\nDas Orchester konzertiert regelm\u00e4\u00dfig mit dem Philharmonischen Chor Esslingen, dem M\u00fcnsterchor Konstanz, der Maulbronner Kantorei, dem Motettenchor der M\u00fcnsterkantorei Ulm, dem Oratorienchor Ulm, dem Kantatenchor M\u00f6ckm\u00fchl, der Stiftskantorei \u00d6hringen und der Kantorei der Johanneskirche Sindelfingen.<\/p>\n<p>Daneben gibt es Einladungen zu namhaften Konzertreihen u. a. Int. Domkonzerte St. Blasien, Donaueschinger Musiktage, Domkonzerte Schleswig, M\u00fcnsterkonzerte Konstanz, M\u00fcnsterkonzerte Ulm.<\/p>\n<p><img data-recalc-dims=\"1\" loading=\"lazy\" decoding=\"async\" data-attachment-id=\"42\" data-permalink=\"https:\/\/sks-stuttgart.de\/?attachment_id=42\" data-orig-file=\"https:\/\/i0.wp.com\/sks-stuttgart.de\/wp-content\/uploads\/2017\/09\/Crailsheim_12_11_2013.jpg?fit=523%2C392&amp;ssl=1\" data-orig-size=\"523,392\" data-comments-opened=\"0\" data-image-meta=\"{&quot;aperture&quot;:&quot;0&quot;,&quot;credit&quot;:&quot;&quot;,&quot;camera&quot;:&quot;&quot;,&quot;caption&quot;:&quot;&quot;,&quot;created_timestamp&quot;:&quot;0&quot;,&quot;copyright&quot;:&quot;&quot;,&quot;focal_length&quot;:&quot;0&quot;,&quot;iso&quot;:&quot;0&quot;,&quot;shutter_speed&quot;:&quot;0&quot;,&quot;title&quot;:&quot;&quot;,&quot;orientation&quot;:&quot;0&quot;}\" data-image-title=\"Crailsheim_12_11_2013\" data-image-description=\"\" data-image-caption=\"\" data-large-file=\"https:\/\/i0.wp.com\/sks-stuttgart.de\/wp-content\/uploads\/2017\/09\/Crailsheim_12_11_2013.jpg?fit=523%2C392&amp;ssl=1\" class=\"wp-image-42 alignright\" src=\"https:\/\/i0.wp.com\/sks-stuttgart.de\/wp-content\/uploads\/2017\/09\/Crailsheim_12_11_2013.jpg?resize=300%2C225\" alt=\"\" width=\"300\" height=\"225\" srcset=\"https:\/\/i0.wp.com\/sks-stuttgart.de\/wp-content\/uploads\/2017\/09\/Crailsheim_12_11_2013.jpg?w=523&amp;ssl=1 523w, https:\/\/i0.wp.com\/sks-stuttgart.de\/wp-content\/uploads\/2017\/09\/Crailsheim_12_11_2013.jpg?resize=300%2C225&amp;ssl=1 300w, https:\/\/i0.wp.com\/sks-stuttgart.de\/wp-content\/uploads\/2017\/09\/Crailsheim_12_11_2013.jpg?resize=400%2C300&amp;ssl=1 400w\" sizes=\"auto, (max-width: 300px) 100vw, 300px\" \/><strong>Repertoire<\/strong><br \/>\nDas Repertoire des Orchesters reicht von <strong>Oratorien<\/strong> von Bach und H\u00e4ndel \u00fcber Messen von Beethoven, Haydn und Mozart bis hin zu Werken der <strong>Romantik<\/strong> (Brahms, Bruckner, Durufl\u00e9, Faur\u00e9, Mendelssohn, Puccini, Reger, Rossini, Saint-Sa\u0451ns, Schubert und Verdi) und des <strong>20. Jahrhunderts<\/strong> (Bernstein, Honegger, Kaminski, Strawinsky, Britten, Rutter und Jenkins).<\/p>\n<p>Das Ensemble f\u00fchrt daneben auch Orchesterkonzerte in unterschiedlichen Besetzungen durch.<\/p>\n<p><img data-recalc-dims=\"1\" loading=\"lazy\" decoding=\"async\" data-attachment-id=\"44\" data-permalink=\"https:\/\/sks-stuttgart.de\/?attachment_id=44\" data-orig-file=\"https:\/\/i0.wp.com\/sks-stuttgart.de\/wp-content\/uploads\/2017\/09\/Beethoven_9.jpg?fit=3960%2C2640&amp;ssl=1\" data-orig-size=\"3960,2640\" data-comments-opened=\"0\" data-image-meta=\"{&quot;aperture&quot;:&quot;3.2&quot;,&quot;credit&quot;:&quot;bulgrin&quot;,&quot;camera&quot;:&quot;Canon EOS 5D Mark III&quot;,&quot;caption&quot;:&quot;foto: roberto bulgrin\\r18. 10. 2015\\rEsslingen, Jubilaeumskonzert 50 Jahre Philharmonischer Chor Esslingen&quot;,&quot;created_timestamp&quot;:&quot;1281089707&quot;,&quot;copyright&quot;:&quot;&quot;,&quot;focal_length&quot;:&quot;90&quot;,&quot;iso&quot;:&quot;800&quot;,&quot;shutter_speed&quot;:&quot;0.016666666666667&quot;,&quot;title&quot;:&quot;&quot;,&quot;orientation&quot;:&quot;1&quot;}\" data-image-title=\"Beethoven_9\" data-image-description=\"\" data-image-caption=\"&lt;p&gt;foto: roberto bulgrin&lt;br \/&gt;\n18. 10. 2015&lt;br \/&gt;\nEsslingen, Jubilaeumskonzert 50 Jahre Philharmonischer Chor Esslingen&lt;\/p&gt;\n\" data-large-file=\"https:\/\/i0.wp.com\/sks-stuttgart.de\/wp-content\/uploads\/2017\/09\/Beethoven_9.jpg?fit=1000%2C667&amp;ssl=1\" class=\"wp-image-44 aligncenter\" src=\"https:\/\/i0.wp.com\/sks-stuttgart.de\/wp-content\/uploads\/2017\/09\/Beethoven_9-768x512.jpg?resize=641%2C427\" alt=\"\" width=\"641\" height=\"427\" srcset=\"https:\/\/i0.wp.com\/sks-stuttgart.de\/wp-content\/uploads\/2017\/09\/Beethoven_9.jpg?resize=768%2C512&amp;ssl=1 768w, https:\/\/i0.wp.com\/sks-stuttgart.de\/wp-content\/uploads\/2017\/09\/Beethoven_9.jpg?resize=300%2C200&amp;ssl=1 300w, https:\/\/i0.wp.com\/sks-stuttgart.de\/wp-content\/uploads\/2017\/09\/Beethoven_9.jpg?resize=1024%2C683&amp;ssl=1 1024w, https:\/\/i0.wp.com\/sks-stuttgart.de\/wp-content\/uploads\/2017\/09\/Beethoven_9.jpg?resize=960%2C640&amp;ssl=1 960w, https:\/\/i0.wp.com\/sks-stuttgart.de\/wp-content\/uploads\/2017\/09\/Beethoven_9.jpg?resize=450%2C300&amp;ssl=1 450w, https:\/\/i0.wp.com\/sks-stuttgart.de\/wp-content\/uploads\/2017\/09\/Beethoven_9.jpg?w=2000&amp;ssl=1 2000w, https:\/\/i0.wp.com\/sks-stuttgart.de\/wp-content\/uploads\/2017\/09\/Beethoven_9.jpg?w=3000&amp;ssl=1 3000w\" sizes=\"auto, (max-width: 641px) 100vw, 641px\" \/><\/p>\n<p>&nbsp;<\/p>\n<p>&nbsp;<\/p>\n","protected":false},"excerpt":{"rendered":"<p>&nbsp; 1986 &#8211; 2026: 40 Jahre S\u00fcddeutsche Kammersolisten Stuttgart Die S\u00fcddeutschen Kammersolisten Stuttgart setzen sich aus Orchestermusikern und freiberuflichen Musikern des Raumes Stuttgart, Heilbronn, Karlsruhe zusammen. Konzertmeister Bis 2023 war Albert Boesen (ehemaliger Konzertmeister des SWR-Symphonieorchester Stuttgart) Konzertmeister des Ensembles. Seither bekleidet die renommierte Geigerin Nina Karmon (M\u00fcnchen) diese Funktion. Leitbild Ein Hauptanliegen der S\u00fcddeutschen&#8230; <\/p>\n<div class=\"link-more\"><a href=\"https:\/\/sks-stuttgart.de\/?page_id=29\">Weiterlesen<\/a><\/div>\n","protected":false},"author":1,"featured_media":0,"parent":0,"menu_order":0,"comment_status":"closed","ping_status":"closed","template":"","meta":{"footnotes":""},"class_list":["post-29","page","type-page","status-publish","hentry"],"jetpack_sharing_enabled":true,"jetpack_shortlink":"https:\/\/wp.me\/P9akk5-t","jetpack_likes_enabled":true,"_links":{"self":[{"href":"https:\/\/sks-stuttgart.de\/index.php?rest_route=\/wp\/v2\/pages\/29","targetHints":{"allow":["GET"]}}],"collection":[{"href":"https:\/\/sks-stuttgart.de\/index.php?rest_route=\/wp\/v2\/pages"}],"about":[{"href":"https:\/\/sks-stuttgart.de\/index.php?rest_route=\/wp\/v2\/types\/page"}],"author":[{"embeddable":true,"href":"https:\/\/sks-stuttgart.de\/index.php?rest_route=\/wp\/v2\/users\/1"}],"replies":[{"embeddable":true,"href":"https:\/\/sks-stuttgart.de\/index.php?rest_route=%2Fwp%2Fv2%2Fcomments&post=29"}],"version-history":[{"count":31,"href":"https:\/\/sks-stuttgart.de\/index.php?rest_route=\/wp\/v2\/pages\/29\/revisions"}],"predecessor-version":[{"id":748,"href":"https:\/\/sks-stuttgart.de\/index.php?rest_route=\/wp\/v2\/pages\/29\/revisions\/748"}],"wp:attachment":[{"href":"https:\/\/sks-stuttgart.de\/index.php?rest_route=%2Fwp%2Fv2%2Fmedia&parent=29"}],"curies":[{"name":"wp","href":"https:\/\/api.w.org\/{rel}","templated":true}]}}