{"id":189,"date":"2018-02-06T18:23:05","date_gmt":"2018-02-06T17:23:05","guid":{"rendered":"http:\/\/sks-stuttgart.de\/?page_id=189"},"modified":"2026-03-13T15:42:49","modified_gmt":"2026-03-13T14:42:49","slug":"projektvorschau","status":"publish","type":"page","link":"https:\/\/sks-stuttgart.de\/?page_id=189","title":{"rendered":"Projektvorschau"},"content":{"rendered":"\n<p><\/p>\n\n\n<p>Hier die \u00dcbersicht der kommenden Projekte der S\u00fcddeutschen Kammersolisten Stuttgart:<\/p>\n<p>Wir freuen uns, dass wir wieder f\u00fcr Sie spielen d\u00fcrfen!<\/p>\n<p><strong>W.A. Mozart Requiem und Edvard Grieg Morgenstimmung<br \/><\/strong>Samstag 14. M\u00e4rz 2026, 19:30 Uhr, S-Feuerbach. Kath. Kirche St. Josef<br \/><strong>Chor der kath. Kirchengemeinde St. Josef und St. Laurentius und Gasts\u00e4nger, Leitung: Detlef D\u00f6rner<\/strong><\/p>\n<p><strong>Joseph Haydn &#8222;Die Sch\u00f6pfung&#8220; Teile I und II, Maurice Ravel L\u2018aurore<br \/><\/strong>Sonntag 21. Juni 2026, 19 Uhr, Frauenkirche Esslingen<br \/>Hannah Gries &#8211; Sopran<br \/>Philipp Nicklaus &#8211; Tenor<br \/>Thomas Scharr &#8211; Bariton<br \/><strong>Philharmonischer Chor Esslingen<\/strong><br \/><strong>Leitung: Sabine Layer<\/strong><\/p>\n<p><strong>W. A. Mozart u.a. Kr\u00f6nungsmesse, Te deum, Vesperae solennes de Confessore<br \/><\/strong>Samstag 25. Juli 2026, 19 Uhr, M\u00fchlacker Pauluskirche<br \/>Sonntag 26. Juli 2026, 19 Uhr, Maulbronn Klosterkirche<br \/><strong>Kantoreien M\u00fchlacker\/Maulbronn<br \/>Leitung: Markus Piringer, Thorsten H\u00fclsemann<\/strong><\/p>\n<p><strong>Giuseppe Verdi Requiem<\/strong><br \/>Samstag 14. November 2026, M\u00f6ckm\u00fchl<br \/>Sonntag 22. November 2026, \u00d6hringen<br \/><strong>Kantatenchor M\u00f6ckm\u00fchl und Chor der Stiftskantorei \u00d6hringen<br \/>Leitung: David Dehn und J\u00fcrgen Breidenbach<\/strong><\/p>\n<p><strong>Fanny Hensel Oratorium nach Bibelbildern und Mendelssohn Psalm 114<\/strong><br \/>22. November 2026, \u00a0Schwenningen<br \/><strong>Bach Chor Schwenningen, Leitung: Christof W\u00fcnsch<\/strong><\/p>\n<p><strong>Puccini Messa di Gloria \/ Rutter Magnificat<\/strong><br \/>06. Dezember 2026,\u00a0 18 Uhr, Pauluskirche Ulm<br \/><strong>Oratorienchor Ulm<br \/>Leitung: Thomas Kammel<\/strong><\/p>\n<p>&nbsp;<\/p>\n<p>Ihre\u00a0<br \/>S\u00fcddeutsche Kammersolisten Stuttgart<\/p>","protected":false},"excerpt":{"rendered":"<p>Hier die \u00dcbersicht der kommenden Projekte der S\u00fcddeutschen Kammersolisten Stuttgart: Wir freuen uns, dass wir wieder f\u00fcr Sie spielen d\u00fcrfen! W.A. Mozart Requiem und Edvard Grieg MorgenstimmungSamstag 14. M\u00e4rz 2026, 19:30 Uhr, S-Feuerbach. Kath. Kirche St. JosefChor der kath. Kirchengemeinde St. Josef und St. Laurentius und Gasts\u00e4nger, Leitung: Detlef D\u00f6rner Joseph Haydn &#8222;Die Sch\u00f6pfung&#8220; Teile&#8230; <\/p>\n<div class=\"link-more\"><a href=\"https:\/\/sks-stuttgart.de\/?page_id=189\">Weiterlesen<\/a><\/div>\n","protected":false},"author":1,"featured_media":0,"parent":0,"menu_order":0,"comment_status":"closed","ping_status":"closed","template":"","meta":{"jetpack_post_was_ever_published":false,"footnotes":""},"class_list":["post-189","page","type-page","status-publish","hentry"],"jetpack_sharing_enabled":true,"jetpack_shortlink":"https:\/\/wp.me\/P9akk5-33","jetpack_likes_enabled":true,"_links":{"self":[{"href":"https:\/\/sks-stuttgart.de\/index.php?rest_route=\/wp\/v2\/pages\/189","targetHints":{"allow":["GET"]}}],"collection":[{"href":"https:\/\/sks-stuttgart.de\/index.php?rest_route=\/wp\/v2\/pages"}],"about":[{"href":"https:\/\/sks-stuttgart.de\/index.php?rest_route=\/wp\/v2\/types\/page"}],"author":[{"embeddable":true,"href":"https:\/\/sks-stuttgart.de\/index.php?rest_route=\/wp\/v2\/users\/1"}],"replies":[{"embeddable":true,"href":"https:\/\/sks-stuttgart.de\/index.php?rest_route=%2Fwp%2Fv2%2Fcomments&post=189"}],"version-history":[{"count":48,"href":"https:\/\/sks-stuttgart.de\/index.php?rest_route=\/wp\/v2\/pages\/189\/revisions"}],"predecessor-version":[{"id":728,"href":"https:\/\/sks-stuttgart.de\/index.php?rest_route=\/wp\/v2\/pages\/189\/revisions\/728"}],"wp:attachment":[{"href":"https:\/\/sks-stuttgart.de\/index.php?rest_route=%2Fwp%2Fv2%2Fmedia&parent=189"}],"curies":[{"name":"wp","href":"https:\/\/api.w.org\/{rel}","templated":true}]}}

<p></p>


<p>Hier die Übersicht der kommenden Projekte der Süddeutschen Kammersolisten Stuttgart:</p>
<p>Wir freuen uns, dass wir wieder für Sie spielen dürfen!</p>
<p><strong>W.A. Mozart Requiem und Edvard Grieg Morgenstimmung<br /></strong>Samstag 14. März 2026, 19:30 Uhr, S-Feuerbach. Kath. Kirche St. Josef<br /><strong>Chor der kath. Kirchengemeinde St. Josef und St. Laurentius und Gastsänger, Leitung: Detlef Dörner</strong></p>
<p><strong>Joseph Haydn &#8222;Die Schöpfung&#8220; Teile I und II, Maurice Ravel L‘aurore<br /></strong>Sonntag 21. Juni 2026, 19 Uhr, Frauenkirche Esslingen<br />Hannah Gries &#8211; Sopran<br />Philipp Nicklaus &#8211; Tenor<br />Thomas Scharr &#8211; Bariton<br /><strong>Philharmonischer Chor Esslingen</strong><br /><strong>Leitung: Sabine Layer</strong></p>
<p><strong>W. A. Mozart u.a. Krönungsmesse, Te deum, Vesperae solennes de Confessore<br /></strong>Samstag 25. Juli 2026, 19 Uhr, Mühlacker Pauluskirche<br />Sonntag 26. Juli 2026, 19 Uhr, Maulbronn Klosterkirche<br /><strong>Kantoreien Mühlacker/Maulbronn<br />Leitung: Markus Piringer, Thorsten Hülsemann</strong></p>
<p><strong>Giuseppe Verdi Requiem</strong><br />Samstag 14. November 2026, Möckmühl<br />Sonntag 22. November 2026, Öhringen<br /><strong>Kantatenchor Möckmühl und Chor der Stiftskantorei Öhringen<br />Leitung: David Dehn und Jürgen Breidenbach</strong></p>
<p><strong>Fanny Hensel Oratorium nach Bibelbildern und Mendelssohn Psalm 114</strong><br />22. November 2026,  Schwenningen<br /><strong>Bach Chor Schwenningen, Leitung: Christof Wünsch</strong></p>
<p><strong>Puccini Messa di Gloria / Rutter Magnificat</strong><br />06. Dezember 2026,  18 Uhr, Pauluskirche Ulm<br /><strong>Oratorienchor Ulm<br />Leitung: Thomas Kammel</strong></p>
<p>&nbsp;</p>
<p>Ihre <br />Süddeutsche Kammersolisten Stuttgart</p>

<p>Hier die Übersicht der kommenden Projekte der Süddeutschen Kammersolisten Stuttgart: Wir freuen uns, dass wir wieder für Sie spielen dürfen! W.A. Mozart Requiem und Edvard Grieg MorgenstimmungSamstag 14. März 2026, 19:30 Uhr, S-Feuerbach. Kath. Kirche St. JosefChor der kath. Kirchengemeinde St. Josef und St. Laurentius und Gastsänger, Leitung: Detlef Dörner Joseph Haydn &#8222;Die Schöpfung&#8220; Teile&#8230; </p>
<div class="link-more"><a href="https://sks-stuttgart.de/?page_id=189">Weiterlesen</a></div>
